0 = -a + 2*a - 3*j + 127, -a - 135 = 5*j. Let o be (-6 - (-1 + -4))/(5/a). Calculate the greatest common divisor of o and s.
26
Let l = 0 + 5. Let m = -31 + 36. Let j be 18 - (-5 - m/(l/(-3))). What is the greatest common factor of j and 10?
10
Let i(r) = 3*r**3 + 2*r**2 - 3. Let k be i(2). Calculate the greatest common factor of 4611 and k.
29
Let w(z) = z**3 - 15*z**2 + 16*z + 5. Suppose m + 14 = 2*m. Let q be w(m). Let b = -19 + q. What is the highest common divisor of b and 7?
7
Suppose -67*r + 1031 = -1649. Let x(t) = -t. Let z(k) = k - 2. Let j(w) = 6*x(w) + z(w). Let f be j(-2). Calculate the greatest common factor of r and f.
8
Let q be 9 + (((-8 + 8)/(-7))/3)/(-5). Calculate the highest common factor of q and 11331.
9
Let t(r) = -r**2 + 16*r - 7. Let z be t(5). Suppose -13*b + z = -10*b. What is the greatest common divisor of 32 and b?
16
Let z be (12/(-21))/2 - 3678/14. Let o = 283 + z. Let j be (-6)/39 + 4164/26. Calculate the highest common factor of j and o.
20
Let g be ((-14)/(-42))/((-3)/(-2061)). Suppose -2*d + 77 = -5*j, -4*d + g = -j + 6*j. What is the highest common divisor of d and 408?
51
Suppose -5*u + 2*i = -u - 232, 2*u = 3*i + 116. Let v be 517/1 - (-4 - 1). Let q be (2/6*-1)/((-2)/v). Calculate the highest common divisor of q and u.
29
Let b = -9598 + 9688. What is the greatest common factor of 1170 and b?
90
Suppose 2*b - 170 = l + 3*l, -3*b - 3*l = -318. What is the greatest common divisor of b and 2574?
99
Let t = -6 + 11. Suppose -j = 64 - 32. Let u = 42 + j. Calculate the greatest common divisor of u and t.
5
Let j(z) = 1278*z + 13. Let v be j(2). Suppose -5*b - k + v - 221 = 0, -1398 = -3*b + 3*k. Calculate the highest common factor of b and 67.
67
Suppose 5 - 25 = -5*h. Let v be h*((-70)/(-8) - (1 + 2)). Let o = v - 19. Calculate the greatest common factor of 18 and o.
2
Let l(p) = -p**3 - 7*p**2 + 3*p - 23. Let x be l(-9). Suppose -4*d = 3*r - 364, -r + 4*d - 3*d + x = 0. What is the greatest common divisor of r and 29?
29
Let a = -288 - -422. Let c = -43 + a. Calculate the greatest common factor of c and 52.
13
Suppose 0 = 94*f - 34*f - 14322 - 21438. Calculate the greatest common divisor of f and 10.
2
Let u(j) = j**2 - 162*j - 7986. Let o be u(-40). Calculate the highest common factor of 31678 and o.
94
Let f be (-13 + (-162)/(-10))/((-42)/45 + 1). Calculate the highest common divisor of f and 17904.
48
Let p be (-1)/4 + ((-346775)/(-44))/25. What is the highest common divisor of p and 525?
105
Let g be 12/(-5)*1770/(-12). Let l = -347 + g. Suppose 141 + 80 = 3*w - 2*q, w - q = 72. What is the highest common divisor of l and w?
7
Suppose -5*t - 3*s = -1786 - 3358, -5*t + 5129 = -2*s. Let g = 56858 - 56779. What is the highest common factor of g and t?
79
Let p(z) = -5*z - 2. Let u(m) = m**2 + 9*m + 7. Let t be u(-9). Let n be p(t). Let h = -29 - n. What is the highest common factor of h and 64?
8
Suppose 5294 = 5*u + 3*w - 44, -4*u = -5*w - 4263. Suppose -5*a - 1032 + u = 0. Calculate the greatest common factor of a and 105.
7
Suppose 8*h = 10*h - 182. Suppose 83*y - 19109 - 5158 = 13498. What is the greatest common factor of y and h?
91
Let f(y) = 28*y**3 + 5*y**2 - y - 48. Let k be f(6). Calculate the greatest common divisor of k and 18.
18
Let h be -6*535/45*-3. Let q = 418 - h. Calculate the highest common divisor of 24 and q.
12
Let t = -77 - -725. What is the greatest common factor of 16 and t?
8
Suppose 3*j - g = 13, -2*j - 5*g + 9 + 28 = 0. Suppose j*d = 4*d + 78. What is the greatest common divisor of d and 13?
13
Suppose 10 = -o + 22. Let z(q) = 417*q - 3261. Let i be z(9). What is the greatest common divisor of i and o?
12
Let x(d) = 95*d + 1001. Let p be x(-9). What is the highest common factor of p and 16060?
146
Suppose 4*n - 844 = -2*o, 4*o - 5*n - 676 - 1077 = 0. Calculate the highest common factor of o and 1404.
108
Let m = 11139 + -4107. What is the greatest common factor of m and 72?
24
Suppose -4*b - j + 20 = 0, 307*b - 10 = 305*b + 4*j. Suppose -4*r - 39 = -5*r. Suppose -41 = -b*l + r. Calculate the greatest common divisor of 48 and l.
16
Let g be 59*5/(-2)*32/20. Let i be (-1 + (-45)/20 - -3)*g. Calculate the highest common factor of 59 and i.
59
Suppose 103*z - 480 = 79*z. Let f be 11848/z - -2 - (-10)/(-25). What is the greatest common factor of 54 and f?
54
Let p be -8 + -2 + -9 + 127. Calculate the highest common factor of 132 and p.
12
Let q(s) = -20*s - 115. Let t be q(-6). Suppose t*w + g - 118 = 46, 0 = -3*g + 12. What is the greatest common divisor of w and 96?
32
Let m(u) = 9*u**3 + 273 - u - 2*u**3 - u**3 - 280. Let f be m(3). What is the highest common factor of 114 and f?
38
Let v = -5080 + 5150. Calculate the greatest common factor of v and 770.
70
Let x(w) = -w**3 - 13*w**2 + 11*w + 12. Let l be x(-14). Let b be ((-4 - -2) + 0)/(-2)*84. Let d = 93 - b. What is the greatest common factor of d and l?
9
Let i(n) = n**2 - 2*n + 3. Let x be i(2). Let p(r) = -64*r + 21*r + 1 + x. Let j be p(-2). What is the greatest common factor of j and 36?
18
Let z = 60 + -45. Let x(m) = 7*m**2 + 2*m + 11. Let n be x(-6). Let a = n + -176. What is the highest common divisor of a and z?
15
Let w be (-2)/(-3) - (-1830)/90. Suppose w*o - 241 = 158. Calculate the highest common factor of o and 171.
19
Let f(m) = m**3 - 21*m**2 + 19*m + 37. Let v be f(18). Let o = -439 - v. Calculate the greatest common divisor of o and 56.
14
Suppose 0 = -3*d + 15 - 6. Suppose -3*n - 69 = -d*w, 4*w = -n - 4*n + 110. Calculate the highest common divisor of w and 100.
25
Let d be ((-18)/8)/(4/(-16)). Let z(g) = -g**3 + 2*g**2 + 8*g - 8. Let l be z(-3). Suppose -l*r + 3*r = -90. Calculate the greatest common factor of r and d.
9
Let j be (15/30)/(2/4). Let u be (j - 10/4)/((-32)/768). What is the greatest common factor of u and 126?
18
Suppose -2*m - 4*h + 12692 = -22826, 7*h = 5*m - 88829. Calculate the highest common factor of 93 and m.
93
Let k be 8 + 3534 + (135/(-25) - (-9)/(-15)). What is the greatest common divisor of k and 64?
16
Let i be (17 - 2329/(-3))*(-3)/(-2). What is the greatest common factor of i and 476?
238
Let p be (-35)/14*4/(-25) - (-3996)/10. What is the greatest common factor of 1150 and p?
50
Suppose 11 = 2*k - 3*w, 3*w - 5*w = -k + 6. Let t be 94/k + (-29)/58. Calculate the highest common factor of t and 943.
23
Let a = -641 - -387. Let s = -232 - a. Calculate the greatest common factor of s and 11.
11
Let j(l) = -109*l + 8207. Let c be j(75). Suppose -3*u + 1 = -2*h, 0*h - 2 = 2*u - 2*h. Let y be (17/1 + -1)*u. Calculate the highest common divisor of c and y.
16
Let h(u) = -u**3 + 12*u**2 - 10*u - 18. Let d be h(11). Let j = 22 + d. Calculate the highest common factor of j and 270.
15
Suppose 2199*l = 2223*l - 912. Calculate the highest common divisor of 5472 and l.
38
Let z(t) = t**2 - 3*t + 2. Let j be z(3). Suppose -j*u = -5*u + 90. Suppose 29*g + 19 = u*g. Calculate the greatest common factor of g and 209.
19
Suppose 5*n + 8*n = 1135 + 139. Calculate the greatest common factor of 203 and n.
7
Let n(x) = 19*x + 5 - 11 - 41 + 9 - 41. Let i be n(7). Calculate the greatest common divisor of 243 and i.
27
Let m = 19 - -206. Suppose 0 = -5*h + 300 + m. Let t be (3/4)/(1/28). Calculate the highest common divisor of t and h.
21
Suppose -8 = -119*p + 123*p. Let m be (-4)/(-8)*(-36)/(p + -1). Calculate the highest common divisor of 5 and m.
1
Suppose -204 = -8*y + 2149 - 305. Calculate the greatest common factor of 2 and y.
2
Let u = -268 + 383. Let d = u + -17. Suppose x - 554 = -5*g, 4*g - 3*x - d = 3*g. What is the highest common factor of 10 and g?
10
Suppose 7*a - 6 - 1 = 0. Suppose -3*y + 11 = -a. Suppose 5*c - 101 = r, 0 = y*c + r - 16 - 63. What is the highest common factor of c and 8?
4
Let o = -19 - -51. Let t = 199 + o. Suppose 0*r = 2*r + 3*f - t, -2*r + 225 = 5*f. Calculate the highest common factor of 15 and r.
15
Suppose -4*z = 5*n + 146, 3*n + 33 + 117 = -4*z. Let d = z + 52. What is the greatest common divisor of 13 and d?
13
Let m be 128/96*(-57)/4. Let n(x) = -x**3 - 19*x**2 - 2*x + 4. Let c be n(m). Calculate the greatest common factor of c and 189.
21
Suppose -10666 = -4*w + j, 750 - 3409 = -w + 4*j. What is the greatest common factor of w and 63?
21
Let v be (120/45)